{"id":274,"date":"2021-04-26T11:08:52","date_gmt":"2021-04-26T11:08:52","guid":{"rendered":"https:\/\/ailituisk.ee\/eesti-keel\/?page_id=274"},"modified":"2021-05-02T12:23:09","modified_gmt":"2021-05-02T12:23:09","slug":"oppeprotsessi-ettevalmistamine","status":"publish","type":"page","link":"https:\/\/ailituisk.ee\/eesti-keel\/portfoolio\/oppeprotsessi-ettevalmistamine\/","title":{"rendered":"\u00d5ppeprotsessi ettevalmistamine"},"content":{"rendered":"<ul id=\"menu-oppeprotsessi-ettevalmistamine\" class=\"menu\"><li id=\"menu-item-495\" class=\"menu-item menu-item-type-post_type menu-item-object-post menu-item-495\"><a href=\"https:\/\/ailituisk.ee\/eesti-keel\/ettevalmistamine\/\" class=\"menu-link\">Protsessi ettevalmistamine<\/a><\/li>\n<li id=\"menu-item-496\" class=\"menu-item menu-item-type-post_type menu-item-object-post menu-item-496\"><a href=\"https:\/\/ailituisk.ee\/eesti-keel\/eesti-keele-oppekavade-koostamise-alus\/\" class=\"menu-link\">Eesti keele \u00f5ppekavade koostamise alus<\/a><\/li>\n<li id=\"menu-item-500\" class=\"menu-item menu-item-type-post_type menu-item-object-post menu-item-500\"><a href=\"https:\/\/ailituisk.ee\/eesti-keel\/oppematerjalid\/\" class=\"menu-link\">\u00d5ppematerjalid<\/a><\/li>\n<\/ul>\n","protected":false},"excerpt":{"rendered":"","protected":false},"author":1,"featured_media":0,"parent":20,"menu_order":0,"comment_status":"closed","ping_status":"closed","template":"","meta":{"footnotes":""},"class_list":["post-274","page","type-page","status-publish","hentry"],"yoast_head":"<!-- This site is optimized with the Yoast SEO plugin v16.0.2 - https:\/\/yoast.com\/wordpress\/plugins\/seo\/ -->\n<title>\u00d5ppeprotsessi ettevalmistamine - Eesti keele kui v\u00f5\u00f5rkeele \u00f5petaja \/ t\u00e4iskasvanute koolitaja<\/title>\n<link rel=\"canonical\" href=\"https:\/\/ailituisk.ee\/eesti-keel\/portfoolio\/oppeprotsessi-ettevalmistamine\/\" \/>\n<meta property=\"og:locale\" content=\"et_EE\" \/>\n<meta property=\"og:type\" content=\"article\" \/>\n<meta property=\"og:title\" content=\"\u00d5ppeprotsessi ettevalmistamine - Eesti keele kui v\u00f5\u00f5rkeele \u00f5petaja \/ t\u00e4iskasvanute koolitaja\" \/>\n<meta property=\"og:url\" content=\"https:\/\/ailituisk.ee\/eesti-keel\/portfoolio\/oppeprotsessi-ettevalmistamine\/\" \/>\n<meta property=\"og:site_name\" content=\"Eesti keele kui v\u00f5\u00f5rkeele \u00f5petaja \/ t\u00e4iskasvanute koolitaja\" \/>\n<meta property=\"article:modified_time\" content=\"2021-05-02T12:23:09+00:00\" \/>\n<meta name=\"twitter:card\" content=\"summary_large_image\" \/>\n<meta name=\"twitter:label1\" content=\"Est. reading time\">\n\t<meta name=\"twitter:data1\" content=\"1 minut\">\n<script type=\"application\/ld+json\" class=\"yoast-schema-graph\">{\"@context\":\"https:\/\/schema.org\",\"@graph\":[{\"@type\":\"WebSite\",\"@id\":\"https:\/\/ailituisk.ee\/eesti-keel\/#website\",\"url\":\"https:\/\/ailituisk.ee\/eesti-keel\/\",\"name\":\"Eesti keele kui v\\u00f5\\u00f5rkeele \\u00f5petaja \/ t\\u00e4iskasvanute koolitaja\",\"description\":\"T\\u00e4iskasvanute koolitaja\",\"potentialAction\":[{\"@type\":\"SearchAction\",\"target\":\"https:\/\/ailituisk.ee\/eesti-keel\/?s={search_term_string}\",\"query-input\":\"required name=search_term_string\"}],\"inLanguage\":\"et\"},{\"@type\":\"WebPage\",\"@id\":\"https:\/\/ailituisk.ee\/eesti-keel\/portfoolio\/oppeprotsessi-ettevalmistamine\/#webpage\",\"url\":\"https:\/\/ailituisk.ee\/eesti-keel\/portfoolio\/oppeprotsessi-ettevalmistamine\/\",\"name\":\"\\u00d5ppeprotsessi ettevalmistamine - Eesti keele kui v\\u00f5\\u00f5rkeele \\u00f5petaja \/ t\\u00e4iskasvanute koolitaja\",\"isPartOf\":{\"@id\":\"https:\/\/ailituisk.ee\/eesti-keel\/#website\"},\"datePublished\":\"2021-04-26T11:08:52+00:00\",\"dateModified\":\"2021-05-02T12:23:09+00:00\",\"breadcrumb\":{\"@id\":\"https:\/\/ailituisk.ee\/eesti-keel\/portfoolio\/oppeprotsessi-ettevalmistamine\/#breadcrumb\"},\"inLanguage\":\"et\",\"potentialAction\":[{\"@type\":\"ReadAction\",\"target\":[\"https:\/\/ailituisk.ee\/eesti-keel\/portfoolio\/oppeprotsessi-ettevalmistamine\/\"]}]},{\"@type\":\"BreadcrumbList\",\"@id\":\"https:\/\/ailituisk.ee\/eesti-keel\/portfoolio\/oppeprotsessi-ettevalmistamine\/#breadcrumb\",\"itemListElement\":[{\"@type\":\"ListItem\",\"position\":1,\"item\":{\"@type\":\"WebPage\",\"@id\":\"https:\/\/ailituisk.ee\/eesti-keel\/\",\"url\":\"https:\/\/ailituisk.ee\/eesti-keel\/\",\"name\":\"Home\"}},{\"@type\":\"ListItem\",\"position\":2,\"item\":{\"@type\":\"WebPage\",\"@id\":\"https:\/\/ailituisk.ee\/eesti-keel\/portfoolio\/\",\"url\":\"https:\/\/ailituisk.ee\/eesti-keel\/portfoolio\/\",\"name\":\"Portfoolio\"}},{\"@type\":\"ListItem\",\"position\":3,\"item\":{\"@type\":\"WebPage\",\"@id\":\"https:\/\/ailituisk.ee\/eesti-keel\/portfoolio\/oppeprotsessi-ettevalmistamine\/\",\"url\":\"https:\/\/ailituisk.ee\/eesti-keel\/portfoolio\/oppeprotsessi-ettevalmistamine\/\",\"name\":\"\\u00d5ppeprotsessi ettevalmistamine\"}}]}]}<\/script>\n<!-- \/ Yoast SEO plugin. -->","_links":{"self":[{"href":"https:\/\/ailituisk.ee\/eesti-keel\/wp-json\/wp\/v2\/pages\/274","targetHints":{"allow":["GET"]}}],"collection":[{"href":"https:\/\/ailituisk.ee\/eesti-keel\/wp-json\/wp\/v2\/pages"}],"about":[{"href":"https:\/\/ailituisk.ee\/eesti-keel\/wp-json\/wp\/v2\/types\/page"}],"author":[{"embeddable":true,"href":"https:\/\/ailituisk.ee\/eesti-keel\/wp-json\/wp\/v2\/users\/1"}],"replies":[{"embeddable":true,"href":"https:\/\/ailituisk.ee\/eesti-keel\/wp-json\/wp\/v2\/comments?post=274"}],"version-history":[{"count":4,"href":"https:\/\/ailituisk.ee\/eesti-keel\/wp-json\/wp\/v2\/pages\/274\/revisions"}],"predecessor-version":[{"id":502,"href":"https:\/\/ailituisk.ee\/eesti-keel\/wp-json\/wp\/v2\/pages\/274\/revisions\/502"}],"up":[{"embeddable":true,"href":"https:\/\/ailituisk.ee\/eesti-keel\/wp-json\/wp\/v2\/pages\/20"}],"wp:attachment":[{"href":"https:\/\/ailituisk.ee\/eesti-keel\/wp-json\/wp\/v2\/media?parent=274"}],"curies":[{"name":"wp","href":"https:\/\/api.w.org\/{rel}","templated":true}]}}